 by 136.
124
What is the remainder when 152 is divided by 15?
2
Calculate the remainder when 456 is divided by 206.
44
What is the remainder when 1553 is divided by 21?
20
Calculate the remainder when 20721 is divided by 17.
15
Calculate the remainder when 4585 is divided by 37.
34
Calculate the remainder when 933 is divided by 285.
78
Calculate the remainder when 355 is divided by 51.
49
Calculate the remainder when 2874 is divided by 21.
18
Calculate the remainder when 280 is divided by 21.
7
What is the remainder when 174 is divided by 25?
24
Calculate the remainder when 2752 is divided by 81.
79
Calculate the remainder when 4864 is divided by 25.
14
Calculate the remainder when 1244 is divided by 13.
9
Calculate the remainder when 145 is divided by 56.
33
Calculate the remainder when 530 is divided by 13.
10
What is the remainder when 54 is divided by 16?
6
Calculate the remainder when 22 is divided by 4.
2
What is the remainder when 6489 is divided by 28?
21
Calculate the remainder when 1250 is divided by 26.
2
What is the remainder when 964 is divided by 359?
246
Calculate the remainder when 745 is divided by 107.
103
Calculate the remainder when 557 is divided by 56.
53
What is the remainder when 79 is divided by 16?
15
What is the remainder when 184 is divided by 63?
58
What is the remainder when 64 is divided by 53?
11
Calculate the remainder when 49 is divided by 39.
10
What is the remainder when 98 is divided by 41?
16
Calculate the remainder when 1078 is divided by 83.
82
Calculate the remainder when 475 is divided by 26.
7
Calculate the remainder when 20163 is divided by 37.
35
What is the remainder when 696 is divided by 347?
2
What is the remainder when 2690 is divided by 108?
98
Calculate the remainder when 7250 is divided by 102.
8
What is the remainder when 945 is divided by 131?
28
What is the remainder when 1821 is divided by 8?
5
What is the remainder when 211 is divided by 12?
7
What is the remainder when 717 is divided by 7?
3
What is the remainder when 113 is divided by 60?
53
Calculate the remainder when 3797 is divided by 37.
23
Calculate the remainder when 2111 is divided by 524.
15
Calculate the remainder when 280 is divided by 89.
13
Calculate the remainder when 959 is divided by 10.
9
What is the remainder when 875 is divided by 367?
141
Calculate the remainder when 159 is divided by 33.
27
Calculate the remainder when 569 is divided by 74.
51
What is the remainder when 131 is divided by 29?
15
Calculate the remainder when 22 is divided by 14.
8
Calculate the remainder when 486 is divided by 45.
36
Calculate the remainder when 664 is divided by 330.
4
What is the remainder when 1038 is divided by 39?
24
Calculate the remainder when 92 is divided by 34.
24
Calculate the remainder when 1461 is divided by 296.
277
What is the remainder when 72 is divided by 25?
22
Calculate the remainder when 199 is divided by 10.
9
What is the remainder when 29 is divided by 7?
1
What is the remainder when 4856 is divided by 135?
131
What is the remainder when 3616 is divided by 67?
65
What is the remainder when 711 is divided by 141?
6
Calculate the remainder when 4698 is divided by 100.
98
What is the remainder when 516 is divided by 37?
35
Calculate the remainder when 637 is divided by 197.
46
Calculate the remainder when 1724 is divided by 115.
114
Calculate the remainder when 5949 is divided by 192.
189
What is the remainder when 677 is divided by 177?
146
What is the remainder when 736 is divided by 67?
66
Calculate the remainder when 1574 is divided by 52.
14
Calculate the remainder when 492 is divided by 254.
238
What is the remainder when 350 is divided by 92?
74
Calculate the remainder when 114 is divided by 30.
24
Calculate the remainder when 131 is divided by 33.
32
Calculate the remainder when 2536 is divided by 1262.
12
What is the remainder when 3693 is divided by 21?
18
What is the remainder when 3875 is divided by 68?
67
What is the remainder when 59 is divided by 12?
11
What is the remainder when 98 is divided by 6?
2
Calculate the remainder when 445 is divided by 102.
37
What is the remainder when 47 is divided by 27?
20
What is the remainder when 35 is divided by 1?
0
What is the remainder when 128 is divided by 44?
40
What is the remainder when 106 is divided by 36?
34
Calculate the remainder when 261 is divided by 67.
60
Calculate the remainder when 6359 is divided by 172.
167
What is the remainder when 210 is divided by 53?
51
Calculate the remainder when 245 is divided by 51.
41
Calculate the remainder when 272 is divided by 21.
20
Calculate the remainder when 91 is divided by 79.
12
What is the remainder when 40 is divided by 12?
4
Calculate the remainder when 44 is divided by 12.
8
What is the remainder when 6231 is divided by 390?
381
Calculate the remainder when 2205 is divided by 365.
15
What is the remainder when 2034 is divided by 11?
10
What is the remainder when 179 is divided by 5?
4
What is the remainder when 221 is divided by 118?
103
What is the remainder when 343 is divided by 61?
38
Calculate the remainder when 40 is divided by 10.
0
Calculate the remainder when 1426 is divided by 471.
13
Calculate the remainder when 1994 is divided by 21.
20
Calculate the remainder when 11 is divided by 10.
1
Calculate the remainder when 761 is divided by 251.
8
Calculate the remainder when 95 is divided by 46.
3
Calculate the remainder when 236 is divided by 15.
11
What is the remainder when 1277 is divided by 80?
77
What is the remainder when 106 is divided by 37?
32
What is the remainder when 2593 is divided by 2568?
25
What is the remainder when 1220 is divided by 14?
2
Calculate the remainder when 147 is divided by 28.
7
What is the remainder when 1147 is divided by 115?
112
Calculate the remainder when 93 is divided by 44.
5
Calculate the remainder when 668 is divided by 72.
20
Calculate the remainder when 140 is divided by 51.
38
What is the remainder when 395 is divided by 51?
38
Calculate the remainder when 292 is divided by 14.
12
What is the remainder when 36 is divided by 2?
0
What is the remainder when 567 is divided by 225?
117
Calculate the remainder when 1238 is divided by 40.
38
What is the remainder when 1859 is divided by 34?
23
Calculate the remainder when 13698 is divided by 13.
9
Calculate the remainder when 45 is divided by 31.
14
Calculate the remainder when 1764 is divided by 61.
56
What is the remainder when 990 is divided by 291?
117
Calculate the remainder when 163 is divided by 10.
3
What is the remainder when 1248 is divided by 9?
6
What is the remainder when 170 is divided by 35?
30
What is the remainder when 18 is divided by 11?
7
Calculate the remainder when 563 is divided by 198.
167
What is the remainder when 1251 is divided by 190?
111
What is the remainder when 119 is divided by 28?
7
Calculate the remainder when 179 is divided by 68.
43
What is the remainder when 329 is divided by 55?
54
Calculate the remainder when 3273 is divided by 13.
10
Calculate the remainder when 228 is divided by 63.
39
Calculate the remainder when 1209 is divided by 26.
13
What is the remainder when 1348 is divided by 45?
43
What is the remainder when 161 is divided by 44?
29
Calculate the remainder when 8830 is divided by 188.
182
What is the remainder when 579 is divided by 58?
57
Calculate the remainder when 1224 is divided by 242.
14
What is the remainder when 976 is divided by 485?
6
What is the remainder when 10 is divided by 10?
0
Calculate the remainder when 1331 is divided by 22.
11
What is the remainder when 133 is divided by 8?
5
Calculate the remainder when 2249 is divided by 1120.
9
Calculate the remainder when 357 is divided by 124.
109
What is the remainder when 2914 is divided by 73?
67
Calculate the remainder when 561 is divided by 78.
15
What is the remainder when 2519 is divided by 25?
19
What is the remainder when 1506 is divided by 54?
48
What is the remainder when 215 is divided by 27?
26
Calculate the remainder when 2219 is divided by 20.
19
Calculate the remainder when 593 is divided by 11.
10
Calculate the remainder when 4636 is divided by 58.
54
What is the remainder when 338 is divided by 62?
28
What is the remainder when 19 is divided by 11?
8
What is the remainder